{"id":3,"date":"2022-11-17T10:54:09","date_gmt":"2022-11-17T10:54:09","guid":{"rendered":"https:\/\/carbon2mine.es\/?page_id=3"},"modified":"2022-12-06T22:36:16","modified_gmt":"2022-12-06T22:36:16","slug":"politica-privacidad","status":"publish","type":"page","link":"https:\/\/carbon2mine.es\/index.php\/politica-privacidad\/","title":{"rendered":"Pol\u00edtica de privacidad"},"content":{"rendered":"\n<h2 class=\"wp-block-heading\">Qui\u00e9nes somos<\/h2>\n\n\n\n<p>Nombre entidad:\u00a0<strong>ESCUELA POLIT\u00c9CNICA DE MIERES<\/strong> <\/p>\n\n\n\n<p>Direcci\u00f3n:  Escuela Polit\u00e9cnica de Mieres<br>                     C\/ Gonzalo Guti\u00e9rrez Quir\u00f3s<br>                     33600 Mieres-Asturias<\/p>\n\n\n\n<p>Correo electr\u00f3nico:\u00a0<a href=\"mailto:epm@uniovi.es\">epm@uniovi.es<\/a><\/p>\n\n\n\n<h2 class=\"wp-block-heading\">COMENTARIOS<\/h2>\n\n\n\n<p><strong>Formulario de contacto web.<\/strong><\/p>\n\n\n\n<p>a. &nbsp;Finalidad. Dar contestaci\u00f3n a su solicitud de informaci\u00f3n realizada a trav\u00e9s de nuestro formulario de contacto.<\/p>\n\n\n\n<p><strong>Exclusivo para contactos profesionales.<\/strong><\/p>\n\n\n\n<p>a. \u00a0Finalidad. Tratamos sus datos personales con la finalidad de mantener la relaci\u00f3n profesional que entre ambos tenemos.<\/p>\n\n\n\n<p>b. &nbsp;Legitimaci\u00f3n. La &nbsp;legitimaci\u00f3n para &nbsp;el &nbsp;tratamiento de &nbsp;sus &nbsp;datos &nbsp;es &nbsp;el &nbsp;inter\u00e9s leg\u00edtimo.<\/p>\n\n\n\n<p>c. &nbsp; Destinatarios. No se ceder\u00e1n datos a terceros, salvo obligaci\u00f3n legal.<\/p>\n\n\n\n<h2 class=\"wp-block-heading\">env\u00edo de newsletter<\/h2>\n\n\n\n<p>a. \u00a0Finalidad. Gestionar el env\u00edo de la Newsletter\u00a0a los usuarios que se suscriban a la misma.<\/p>\n\n\n\n<p>b. &nbsp;Legitimaci\u00f3n. La legitimaci\u00f3n para el tratamiento de los datos personales es el consentimiento expreso de los interesados que se suscriban en este servicio marcando la casilla destinada a tal efecto.<\/p>\n\n\n\n<p>c. &nbsp; Destinatarios. No se ceder\u00e1n datos a terceros salvo obligaci\u00f3n legal.<\/p>\n\n\n\n<h2 class=\"wp-block-heading\">Cookies<\/h2>\n\n\n\n<p><strong class=\"privacy-policy-tutorial\">Texto sugerido: <\/strong>Si dejas un comentario en nuestro sitio puedes elegir guardar tu nombre, direcci\u00f3n de correo electr\u00f3nico y web en cookies. Esto es para tu comodidad, para que no tengas que volver a rellenar tus datos cuando dejes otro comentario. Estas cookies tendr\u00e1n una duraci\u00f3n de un a\u00f1o.<\/p>\n\n\n\n<p>Si tienes una cuenta y te conectas a este sitio, instalaremos una cookie temporal para determinar si tu navegador acepta cookies. Esta cookie no contiene datos personales y se elimina al cerrar el navegador.<\/p>\n\n\n\n<p>Cuando accedas, tambi\u00e9n instalaremos varias cookies para guardar tu informaci\u00f3n de acceso y tus opciones de visualizaci\u00f3n de pantalla. Las cookies de acceso duran dos d\u00edas, y las cookies de opciones de pantalla duran un a\u00f1o. Si seleccionas \u00abRecu\u00e9rdarme\u00bb, tu acceso perdurar\u00e1 durante dos semanas. Si sales de tu cuenta, las cookies de acceso se eliminar\u00e1n.<\/p>\n\n\n\n<p>Si editas o publicas un art\u00edculo se guardar\u00e1 una cookie adicional en tu navegador. Esta cookie no incluye datos personales y simplemente indica el ID del art\u00edculo que acabas de editar. Caduca despu\u00e9s de 1 d\u00eda.<\/p>\n\n\n\n<h2 class=\"wp-block-heading\">Contenido incrustado de otros sitios web<\/h2>\n\n\n\n<p>Los art\u00edculos de este sitio pueden incluir contenido incrustado (por ejemplo, v\u00eddeos, im\u00e1genes, art\u00edculos, etc.). El contenido incrustado de otras webs se comporta exactamente de la misma manera que si el visitante hubiera visitado la otra web.<\/p>\n\n\n\n<p>Estas web pueden recopilar datos sobre ti, utilizar cookies, incrustar un seguimiento adicional de terceros, y supervisar tu interacci\u00f3n con ese contenido incrustado, incluido el seguimiento de tu interacci\u00f3n con el contenido incrustado si tienes una cuenta y est\u00e1s conectado a esa web.<\/p>\n\n\n\n<h2 class=\"wp-block-heading\">Con qui\u00e9n compartimos tus datos<\/h2>\n\n\n\n<p><strong class=\"privacy-policy-tutorial\"> <\/strong>Si solicitas un restablecimiento de contrase\u00f1a, tu direcci\u00f3n IP ser\u00e1 incluida en el correo electr\u00f3nico de restablecimiento.<\/p>\n\n\n\n<h2 class=\"wp-block-heading\">Cu\u00e1nto tiempo conservamos tus datos<\/h2>\n\n\n\n<p>Si dejas un comentario, el comentario y sus metadatos se conservan indefinidamente. Esto es para que podamos reconocer y aprobar comentarios sucesivos autom\u00e1ticamente, en lugar de mantenerlos en una cola de moderaci\u00f3n.<\/p>\n\n\n\n<p>De los usuarios que se registran en nuestra web (si los hay), tambi\u00e9n almacenamos la informaci\u00f3n personal que proporcionan en su perfil de usuario. Todos los usuarios pueden ver, editar o eliminar su informaci\u00f3n personal en cualquier momento (excepto que no pueden cambiar su nombre de usuario). Los administradores de la web tambi\u00e9n pueden ver y editar esa informaci\u00f3n.<\/p>\n\n\n\n<h2 class=\"wp-block-heading\">Qu\u00e9 derechos tienes sobre tus datos<\/h2>\n\n\n\n<p>Si tienes una cuenta o has dejado comentarios en esta web, puedes solicitar recibir un archivo de exportaci\u00f3n de los datos personales que tenemos sobre ti, incluyendo cualquier dato que nos hayas proporcionado. Tambi\u00e9n puedes solicitar que eliminemos cualquier dato personal que tengamos sobre ti. Esto no incluye ning\u00fan dato que estemos obligados a conservar con fines administrativos, legales o de seguridad.<\/p>\n\n\n\n<h2 class=\"wp-block-heading\">D\u00f3nde se env\u00edan tus datos<\/h2>\n\n\n\n<p>Los comentarios de los visitantes puede que los revise un servicio de detecci\u00f3n autom\u00e1tica de spam.<\/p>\n","protected":false},"excerpt":{"rendered":"<p>Qui\u00e9nes somos Nombre entidad:\u00a0ESCUELA POLIT\u00c9CNICA DE MIERES Direcci\u00f3n: Escuela Polit\u00e9cnica de Mieres C\/ Gonzalo Guti\u00e9rrez Quir\u00f3s 33600 Mieres-Asturias Correo electr\u00f3nico:\u00a0epm@uniovi.es COMENTARIOS Formulario de contacto web. a. &nbsp;Finalidad. Dar contestaci\u00f3n a su solicitud de informaci\u00f3n realizada a trav\u00e9s de nuestro formulario de contacto. Exclusivo para contactos profesionales. a. \u00a0Finalidad. Tratamos sus datos personales con la finalidad [&hellip;]<\/p>\n","protected":false},"author":1,"featured_media":0,"parent":0,"menu_order":0,"comment_status":"closed","ping_status":"open","template":"","meta":{"_uag_custom_page_level_css":"","site-sidebar-layout":"default","site-content-layout":"","ast-site-content-layout":"","site-content-style":"default","site-sidebar-style":"default","ast-global-header-display":"","ast-banner-title-visibility":"","ast-main-header-display":"","ast-hfb-above-header-display":"","ast-hfb-below-header-display":"","ast-hfb-mobile-header-display":"","site-post-title":"","ast-breadcrumbs-content":"","ast-featured-img":"","footer-sml-layout":"","theme-transparent-header-meta":"","adv-header-id-meta":"","stick-header-meta":"","header-above-stick-meta":"","header-main-stick-meta":"","header-below-stick-meta":"","astra-migrate-meta-layouts":"default","ast-page-background-enabled":"default","ast-page-background-meta":{"desktop":{"background-color":"","background-image":"","background-repeat":"repeat","background-position":"center center","background-size":"auto","background-attachment":"scroll","background-type":"","background-media":"","overlay-type":"","overlay-color":"","overlay-opacity":"","overlay-gradient":""},"tablet":{"background-color":"","background-image":"","background-repeat":"repeat","background-position":"center center","background-size":"auto","background-attachment":"scroll","background-type":"","background-media":"","overlay-type":"","overlay-color":"","overlay-opacity":"","overlay-gradient":""},"mobile":{"background-color":"","background-image":"","background-repeat":"repeat","background-position":"center center","background-size":"auto","background-attachment":"scroll","background-type":"","background-media":"","overlay-type":"","overlay-color":"","overlay-opacity":"","overlay-gradient":""}},"ast-content-background-meta":{"desktop":{"background-color":"var(--ast-global-color-5)","background-image":"","background-repeat":"repeat","background-position":"center center","background-size":"auto","background-attachment":"scroll","background-type":"","background-media":"","overlay-type":"","overlay-color":"","overlay-opacity":"","overlay-gradient":""},"tablet":{"background-color":"var(--ast-global-color-5)","background-image":"","background-repeat":"repeat","background-position":"center center","background-size":"auto","background-attachment":"scroll","background-type":"","background-media":"","overlay-type":"","overlay-color":"","overlay-opacity":"","overlay-gradient":""},"mobile":{"background-color":"var(--ast-global-color-5)","background-image":"","background-repeat":"repeat","background-position":"center center","background-size":"auto","background-attachment":"scroll","background-type":"","background-media":"","overlay-type":"","overlay-color":"","overlay-opacity":"","overlay-gradient":""}},"footnotes":""},"class_list":["post-3","page","type-page","status-publish","hentry"],"yoast_head":"<!-- This site is optimized with the Yoast SEO plugin v27.5 - https:\/\/yoast.com\/product\/yoast-seo-wordpress\/ -->\n<title>Pol\u00edtica de privacidad | Carbon2Mine LIFE<\/title>\n<meta name=\"description\" content=\"carbon2mine es un proyecto europeo LIFE de miner\u00eda inversa localizado en las cuencas mineras de Asturias. Universidad de Oviedo. Hunosa. Carbon2mine. Carbon2Mine\" \/>\n<meta name=\"robots\" content=\"index, follow, max-snippet:-1, max-image-preview:large, max-video-preview:-1\" \/>\n<link rel=\"canonical\" href=\"https:\/\/carbon2mine.es\/index.php\/politica-privacidad\/\" \/>\n<meta property=\"og:locale\" content=\"es_ES\" \/>\n<meta property=\"og:type\" content=\"article\" \/>\n<meta property=\"og:title\" content=\"Pol\u00edtica de privacidad | Carbon2Mine LIFE\" \/>\n<meta property=\"og:description\" content=\"carbon2mine es un proyecto europeo LIFE de miner\u00eda inversa localizado en las cuencas mineras de Asturias. Universidad de Oviedo. Hunosa. Carbon2mine. Carbon2Mine\" \/>\n<meta property=\"og:url\" content=\"https:\/\/carbon2mine.es\/index.php\/politica-privacidad\/\" \/>\n<meta property=\"og:site_name\" content=\"Carbon2Mine LIFE\" \/>\n<meta property=\"article:publisher\" content=\"https:\/\/www.facebook.com\/carbon2mine\" \/>\n<meta property=\"article:modified_time\" content=\"2022-12-06T22:36:16+00:00\" \/>\n<meta property=\"og:image\" content=\"https:\/\/carbon2mine.es\/wp-content\/uploads\/2022\/12\/cropped-logo_financiado.jpg\" \/>\n\t<meta property=\"og:image:width\" content=\"741\" \/>\n\t<meta property=\"og:image:height\" content=\"387\" \/>\n\t<meta property=\"og:image:type\" content=\"image\/jpeg\" \/>\n<meta name=\"twitter:card\" content=\"summary_large_image\" \/>\n<meta name=\"twitter:site\" content=\"@carbon2mine\" \/>\n<meta name=\"twitter:label1\" content=\"Tiempo de lectura\" \/>\n\t<meta name=\"twitter:data1\" content=\"4 minutos\" \/>\n<script type=\"application\/ld+json\" class=\"yoast-schema-graph\">{\"@context\":\"https:\\\/\\\/schema.org\",\"@graph\":[{\"@type\":\"WebPage\",\"@id\":\"https:\\\/\\\/carbon2mine.es\\\/index.php\\\/politica-privacidad\\\/\",\"url\":\"https:\\\/\\\/carbon2mine.es\\\/index.php\\\/politica-privacidad\\\/\",\"name\":\"Pol\u00edtica de privacidad | Carbon2Mine LIFE\",\"isPartOf\":{\"@id\":\"https:\\\/\\\/carbon2mine.es\\\/#website\"},\"datePublished\":\"2022-11-17T10:54:09+00:00\",\"dateModified\":\"2022-12-06T22:36:16+00:00\",\"description\":\"carbon2mine es un proyecto europeo LIFE de miner\u00eda inversa localizado en las cuencas mineras de Asturias. Universidad de Oviedo. Hunosa. Carbon2mine. Carbon2Mine\",\"breadcrumb\":{\"@id\":\"https:\\\/\\\/carbon2mine.es\\\/index.php\\\/politica-privacidad\\\/#breadcrumb\"},\"inLanguage\":\"es\",\"potentialAction\":[{\"@type\":\"ReadAction\",\"target\":[\"https:\\\/\\\/carbon2mine.es\\\/index.php\\\/politica-privacidad\\\/\"]}]},{\"@type\":\"BreadcrumbList\",\"@id\":\"https:\\\/\\\/carbon2mine.es\\\/index.php\\\/politica-privacidad\\\/#breadcrumb\",\"itemListElement\":[{\"@type\":\"ListItem\",\"position\":1,\"name\":\"Portada\",\"item\":\"https:\\\/\\\/carbon2mine.es\\\/\"},{\"@type\":\"ListItem\",\"position\":2,\"name\":\"Pol\u00edtica de privacidad\"}]},{\"@type\":\"WebSite\",\"@id\":\"https:\\\/\\\/carbon2mine.es\\\/#website\",\"url\":\"https:\\\/\\\/carbon2mine.es\\\/\",\"name\":\"Carbon2Mine LIFE\",\"description\":\"Proyecto de Miner\u00eda Inversa\",\"publisher\":{\"@id\":\"https:\\\/\\\/carbon2mine.es\\\/#organization\"},\"alternateName\":\"carbon2mine\",\"potentialAction\":[{\"@type\":\"SearchAction\",\"target\":{\"@type\":\"EntryPoint\",\"urlTemplate\":\"https:\\\/\\\/carbon2mine.es\\\/?s={search_term_string}\"},\"query-input\":{\"@type\":\"PropertyValueSpecification\",\"valueRequired\":true,\"valueName\":\"search_term_string\"}}],\"inLanguage\":\"es\"},{\"@type\":\"Organization\",\"@id\":\"https:\\\/\\\/carbon2mine.es\\\/#organization\",\"name\":\"Universidad de Oviedo\",\"alternateName\":\"Escuela Polit\u00e9cnica de Mieres\",\"url\":\"https:\\\/\\\/carbon2mine.es\\\/\",\"logo\":{\"@type\":\"ImageObject\",\"inLanguage\":\"es\",\"@id\":\"https:\\\/\\\/carbon2mine.es\\\/#\\\/schema\\\/logo\\\/image\\\/\",\"url\":\"https:\\\/\\\/carbon2mine.es\\\/wp-content\\\/uploads\\\/2022\\\/12\\\/Escudo_UO_Vertica_Color_JPG-01-1.jpg\",\"contentUrl\":\"https:\\\/\\\/carbon2mine.es\\\/wp-content\\\/uploads\\\/2022\\\/12\\\/Escudo_UO_Vertica_Color_JPG-01-1.jpg\",\"width\":1808,\"height\":1333,\"caption\":\"Universidad de Oviedo\"},\"image\":{\"@id\":\"https:\\\/\\\/carbon2mine.es\\\/#\\\/schema\\\/logo\\\/image\\\/\"},\"sameAs\":[\"https:\\\/\\\/www.facebook.com\\\/carbon2mine\",\"https:\\\/\\\/x.com\\\/carbon2mine\",\"https:\\\/\\\/www.instagram.com\\\/carbon2mine\\\/\",\"https:\\\/\\\/www.linkedin.com\\\/company\\\/carbon2mine\\\/\"]}]}<\/script>\n<!-- \/ Yoast SEO plugin. -->","yoast_head_json":{"title":"Pol\u00edtica de privacidad | Carbon2Mine LIFE","description":"carbon2mine es un proyecto europeo LIFE de miner\u00eda inversa localizado en las cuencas mineras de Asturias. Universidad de Oviedo. Hunosa. Carbon2mine. Carbon2Mine","robots":{"index":"index","follow":"follow","max-snippet":"max-snippet:-1","max-image-preview":"max-image-preview:large","max-video-preview":"max-video-preview:-1"},"canonical":"https:\/\/carbon2mine.es\/index.php\/politica-privacidad\/","og_locale":"es_ES","og_type":"article","og_title":"Pol\u00edtica de privacidad | Carbon2Mine LIFE","og_description":"carbon2mine es un proyecto europeo LIFE de miner\u00eda inversa localizado en las cuencas mineras de Asturias. Universidad de Oviedo. Hunosa. Carbon2mine. Carbon2Mine","og_url":"https:\/\/carbon2mine.es\/index.php\/politica-privacidad\/","og_site_name":"Carbon2Mine LIFE","article_publisher":"https:\/\/www.facebook.com\/carbon2mine","article_modified_time":"2022-12-06T22:36:16+00:00","og_image":[{"width":741,"height":387,"url":"https:\/\/carbon2mine.es\/wp-content\/uploads\/2022\/12\/cropped-logo_financiado.jpg","type":"image\/jpeg"}],"twitter_card":"summary_large_image","twitter_site":"@carbon2mine","twitter_misc":{"Tiempo de lectura":"4 minutos"},"schema":{"@context":"https:\/\/schema.org","@graph":[{"@type":"WebPage","@id":"https:\/\/carbon2mine.es\/index.php\/politica-privacidad\/","url":"https:\/\/carbon2mine.es\/index.php\/politica-privacidad\/","name":"Pol\u00edtica de privacidad | Carbon2Mine LIFE","isPartOf":{"@id":"https:\/\/carbon2mine.es\/#website"},"datePublished":"2022-11-17T10:54:09+00:00","dateModified":"2022-12-06T22:36:16+00:00","description":"carbon2mine es un proyecto europeo LIFE de miner\u00eda inversa localizado en las cuencas mineras de Asturias. Universidad de Oviedo. Hunosa. Carbon2mine. Carbon2Mine","breadcrumb":{"@id":"https:\/\/carbon2mine.es\/index.php\/politica-privacidad\/#breadcrumb"},"inLanguage":"es","potentialAction":[{"@type":"ReadAction","target":["https:\/\/carbon2mine.es\/index.php\/politica-privacidad\/"]}]},{"@type":"BreadcrumbList","@id":"https:\/\/carbon2mine.es\/index.php\/politica-privacidad\/#breadcrumb","itemListElement":[{"@type":"ListItem","position":1,"name":"Portada","item":"https:\/\/carbon2mine.es\/"},{"@type":"ListItem","position":2,"name":"Pol\u00edtica de privacidad"}]},{"@type":"WebSite","@id":"https:\/\/carbon2mine.es\/#website","url":"https:\/\/carbon2mine.es\/","name":"Carbon2Mine LIFE","description":"Proyecto de Miner\u00eda Inversa","publisher":{"@id":"https:\/\/carbon2mine.es\/#organization"},"alternateName":"carbon2mine","potentialAction":[{"@type":"SearchAction","target":{"@type":"EntryPoint","urlTemplate":"https:\/\/carbon2mine.es\/?s={search_term_string}"},"query-input":{"@type":"PropertyValueSpecification","valueRequired":true,"valueName":"search_term_string"}}],"inLanguage":"es"},{"@type":"Organization","@id":"https:\/\/carbon2mine.es\/#organization","name":"Universidad de Oviedo","alternateName":"Escuela Polit\u00e9cnica de Mieres","url":"https:\/\/carbon2mine.es\/","logo":{"@type":"ImageObject","inLanguage":"es","@id":"https:\/\/carbon2mine.es\/#\/schema\/logo\/image\/","url":"https:\/\/carbon2mine.es\/wp-content\/uploads\/2022\/12\/Escudo_UO_Vertica_Color_JPG-01-1.jpg","contentUrl":"https:\/\/carbon2mine.es\/wp-content\/uploads\/2022\/12\/Escudo_UO_Vertica_Color_JPG-01-1.jpg","width":1808,"height":1333,"caption":"Universidad de Oviedo"},"image":{"@id":"https:\/\/carbon2mine.es\/#\/schema\/logo\/image\/"},"sameAs":["https:\/\/www.facebook.com\/carbon2mine","https:\/\/x.com\/carbon2mine","https:\/\/www.instagram.com\/carbon2mine\/","https:\/\/www.linkedin.com\/company\/carbon2mine\/"]}]}},"uagb_featured_image_src":{"full":false,"thumbnail":false,"medium":false,"medium_large":false,"large":false,"1536x1536":false,"2048x2048":false,"bdpp-medium":false},"uagb_author_info":{"display_name":"admin","author_link":"https:\/\/carbon2mine.es\/index.php\/author\/admin\/"},"uagb_comment_info":0,"uagb_excerpt":"Qui\u00e9nes somos Nombre entidad:\u00a0ESCUELA POLIT\u00c9CNICA DE MIERES Direcci\u00f3n: Escuela Polit\u00e9cnica de Mieres C\/ Gonzalo Guti\u00e9rrez Quir\u00f3s 33600 Mieres-Asturias Correo electr\u00f3nico:\u00a0epm@uniovi.es COMENTARIOS Formulario de contacto web. a. &nbsp;Finalidad. Dar contestaci\u00f3n a su solicitud de informaci\u00f3n realizada a trav\u00e9s de nuestro formulario de contacto. Exclusivo para contactos profesionales. a. \u00a0Finalidad. Tratamos sus datos personales con la finalidad&hellip;","_links":{"self":[{"href":"https:\/\/carbon2mine.es\/index.php\/wp-json\/wp\/v2\/pages\/3","targetHints":{"allow":["GET"]}}],"collection":[{"href":"https:\/\/carbon2mine.es\/index.php\/wp-json\/wp\/v2\/pages"}],"about":[{"href":"https:\/\/carbon2mine.es\/index.php\/wp-json\/wp\/v2\/types\/page"}],"author":[{"embeddable":true,"href":"https:\/\/carbon2mine.es\/index.php\/wp-json\/wp\/v2\/users\/1"}],"replies":[{"embeddable":true,"href":"https:\/\/carbon2mine.es\/index.php\/wp-json\/wp\/v2\/comments?post=3"}],"version-history":[{"count":2,"href":"https:\/\/carbon2mine.es\/index.php\/wp-json\/wp\/v2\/pages\/3\/revisions"}],"predecessor-version":[{"id":814,"href":"https:\/\/carbon2mine.es\/index.php\/wp-json\/wp\/v2\/pages\/3\/revisions\/814"}],"wp:attachment":[{"href":"https:\/\/carbon2mine.es\/index.php\/wp-json\/wp\/v2\/media?parent=3"}],"curies":[{"name":"wp","href":"https:\/\/api.w.org\/{rel}","templated":true}]}}